- 27. Give u(8).
13
Let s(y) = -y**3 - 20*y**2 + 72*y - 7. Determine s(3).
2
Let y(p) = -p**3 + 27*p**2 - 181*p - 21. Give y(14).
-7
Let a(j) = j**2 + 9*j - 22. Give a(2).
0
Let g(a) = -21*a**3 + a**2 + a + 1. Give g(-1).
22
Let m(j) = 2*j - 4. Give m(-5).
-14
Let a(n) = -n**3 + 20*n**2 - 3*n - 1. Calculate a(20).
-61
Let r(w) = -5*w + 21. Give r(2).
11
Let b(h) = -20*h**2 + 639*h + 34. Give b(32).
2
Let x(u) = u**2 - 2*u - 5. Calculate x(6).
19
Let u(q) = -q**2 + 12*q - 5. Give u(0).
-5
Let v(x) = x**3 + 24*x**2 + 22*x - 2. What is v(-23)?
21
Let q(x) = -6*x - 23. Give q(-4).
1
Let o(y) = -2*y**2 - 8*y - 6. What is o(-6)?
-30
Let h(o) = -o**2 + 12*o + 46. Give h(15).
1
Let f(o) = -28*o + 4. Calculate f(2).
-52
Let p(u) = -2*u**2 + 24*u + 5. Calculate p(12).
5
Let i(g) = 4*g + 138. Calculate i(-32).
10
Let d(i) = i**2 + 4*i + 86. What is d(0)?
86
Let v(q) = -90*q + 458. Determine v(5).
8
Let c(d) = 6*d**2 - 50*d + 3. Give c(8).
-13
Let w(u) = u - 7. Calculate w(-10).
-17
Let b(f) = f**3 + 5*f**2 - 5*f + 12. Give b(-6).
6
Let p(g) = g + 14. Determine p(29).
43
Let s(r) = r**2 - 38*r + 281. Determine s(28).
1
Let d(j) = -4*j**2 + 72*j. Calculate d(18).
0
Let u(g) = g**3 + 3*g**2 + 2*g. Determine u(-3).
-6
Let y(v) = v**3 - 5*v**2 - 37*v + 10. Determine y(9).
1
Let g(f) = -f**3 - 6*f**2 - 8*f - 14. Determine g(-5).
1
Let l(o) = o**3 - 9*o**2 + 19*o - 76. Calculate l(8).
12
Let v(d) = -d + 26. Calculate v(-5).
31
Let w(i) = i**3 - i**2 - 10*i - 10. Give w(4).
-2
Let a(d) = -d**2 + 15*d - 34. Calculate a(11).
10
Let d(q) = q**2 - 8*q - 2. Calculate d(6).
-14
Let c(s) = -s + 19. Calculate c(7).
12
Let m(u) = 21*u**2 + u - 1. Give m(1).
21
Let l(y) = -3*y + 37. Give l(0).
37
Let v(g) = -g**3 - 4*g**2 + 2. Calculate v(-4).
2
Let b(s) = 14*s + 383. Calculate b(-24).
47
Let t(z) = -5*z - 6. Determine t(-13).
59
Let g(a) = -a**2 - 19*a - 37. What is g(-18)?
-19
Let c(y) = -2*y + 17. Give c(12).
-7
Let y(i) = 7*i - 5. Calculate y(3).
16
Let g(i) = i**3 - 15*i**2 - 36*i + 37. Give g(17).
3
Let q(k) = 2*k**2 - 5*k - 13. Calculate q(4).
-1
Let h(r) = r**3 - 10*r**2 + 21*r + 14. Calculate h(5).
-6
Let j(k) = 6*k**2 - 32*k + 15. Determine j(5).
5
Let l(u) = -u**3 - 24*u**2 + 23*u - 58. Calculate l(-25).
-8
Let q(r) = -r**3 - 11*r**2 + 12*r - 21. What is q(-12)?
-21
Let n(h) = -2*h + 87. What is n(42)?
3
Let d(r) = -r**2 - 24*r + 50. Determine d(-27).
-31
Let q(c) = -3*c - 15. What is q(-7)?
6
Let j(b) = b**2 + 2*b - 2. What is j(-6)?
22
Let y(g) = -g**3 - 30*g**2 + 32*g + 29. What is y(-31)?
-2
Let k(q) = q**3 + 13*q**2 - 10*q + 6. Give k(-14).
-50
Let w(c) = 26*c**3 - 3*c**2 + 5*c - 9. What is w(2)?
197
Let p(s) = -s**2 - 9*s + 3. Determine p(-4).
23
Let m(w) = w**3 + 9*w**2 + 2*w + 6. Calculate m(-9).
-12
Let t(a) = -5*a**2 - 3*a. What is t(-2)?
-14
Let p(f) = f**2 + 2*f - 8. Calculate p(2).
0
Let x(w) = -w**3 - 2*w**2 - 2*w + 1. Give x(-3).
16
Let n(y) = y**3 - 4*y**2 + 4*y - 17. Determine n(4).
-1
Let h(x) = -x**3 + 5*x**2 + 3*x - 11. Calculate h(5).
4
Let i(y) = y**3 + 7*y**2 + 9*y + 13. What is i(-6)?
-5
Let v(j) = j**2 - 4*j + 2. What is v(4)?
2
Let n(f) = 5*f - 2. Calculate n(2).
8
Let l(z) = z**2 - 50*z - 332. Calculate l(56).
4
Let w(t) = -t**2 + 9*t - 3. Calculate w(8).
5
Let s(m) = -m**3 - m**2 + 3*m + 3. Give s(3).
-24
Let m(q) = 10*q**2 - 18*q - 3. Give m(2).
1
Let f(g) = -g**3 + 6*g**2 - 4*g - 5. Calculate f(4).
11
Let s(a) = a**3 + 5*a**2 - 6*a + 5. Give s(-6).
5
Let v(d) = 9*d**3 + 2*d**2 - d - 1. Give v(-2).
-63
Let d(t) = -5*t + 50. Calculate d(11).
-5
Let b(u) = u**2 + 18. Give b(0).
18
Let f(y) = -2*y**2 - 6*y. Calculate f(-4).
-8
Let j(d) = -44*d - 10. Give j(-1).
34
Let z(x) = -x**3 + 7*x**2 + 23*x - 43. What is z(9)?
2
Let d(l) = -2*l + 10. Calculate d(3).
4
Let g(i) = -i**2 + 16*i + 43. What is g(20)?
-37
Let l(b) = b**2 - 2*b - 30. Calculate l(7).
5
Let m(i) = -i - 9. What is m(11)?
-20
Let y(r) = 132*r**2 + 5*r - 6. Calculate y(1).
131
Let f(d) = -9*d - 6. What is f(-5)?
39
Let x(m) = -m**3 - m**2 + m - 2. Determine x(-4).
42
Let f(x) = -x**2 + x + 51. Determine f(-5).
21
Let u(t) = t**2 + 7*t - 175. What is u(10)?
-5
Let m(j) = -2*j**2 + 8*j - 8. Determine m(-6).
-128
Let q(f) = -f**3 + 13*f**2 - 15*f + 46. Determine q(12).
10
Let w(q) = -3*q - 7. Give w(12).
-43
Let r(s) = -s**3 + 4*s**2 + 7*s - 3. Give r(5).
7
Let u(w) = -14*w + 3. Give u(-1).
17
Let g(i) = -i**2 - 19*i + 22. What is g(-20)?
2
Let d(v) = -v**2 - 14*v - 8. Give d(-10).
32
Let u(o) = -o + 4. What is u(-3)?
7
Let q(j) = 2*j**2 + 7*j - 2. Calculate q(2).
20
Let b(y) = 3*y - 8. Calculate b(8).
16
Let s(m) = m**3 - 3*m**2 + 3*m - 11. Give s(6).
115
Let g(p) = -2*p**2 - 10*p - 5. Calculate g(-5).
-5
Let f(h) = h**2 - 38. Determine f(-4).
-22
Let r(z) = 2*z**3 - 3*z**2 + 2*z + 2. Determine r(2).
10
Let n(r) = 19*r - 253. Calculate n(13).
-6
Let s(q) = q**2 + 24*q + 85. Give s(-18).
-23
Let t(v) = -4*v - 15. Determine t(1).
-19
Let n(g) = g**3 - 11*g**2 - 9*g - 20. Calculate n(12).
16
Let c(r) = -71*r**2 - 1. Calculate c(-1).
-72
Let a(b) = b + 7. Calculate a(9).
16
Let m(y) = y**3 - y**2 - y + 10. Determine m(0).
10
Let w(j) = j**3 + 13*j**2 - 15*j - 17. Calculate w(-14).
-3
Let t(q) = 12*q - 1. Calculate t(-6).
-73
Let n(p) = -31*p. Calculate n(-1).
31
Let s(x) = -13*x**2 + 6*x + 3. Calculate s(-3).
-132
Let x(d) = -d**2 - 16*d - 23. Determine x(-18).
-59
Let h(u) = -31*u - 284. Give h(-9).
-5
Let h(a) = a - 2. Give h(13).
11
Let r(n) = -n**2 + 28*n - 79. Calculate r(25).
-4
Let z(o) = o**3 + 10*o**2 - 10*o - 5. Give z(-11).
-16
Let t(m) = 59*m. Give t(-2).
-118
Let w(f) = -17*f. What is w(-1)?
17
Let w(d) = -d**2 + 18*d - 4. Determine w(16).
28
Let q(k) = -k**2 + 16. Calculate q(7).
-33
Let r(q) = -q**3 - 7*q**2 + 6*q - 4. Calculate r(-8).
12
Let u(m) = 2*m**3 - 3*m**2 + m - 1. Determine u(2).
5
Let w(m) = 21*m + 483. Give w(-23).
0
Let s(a) = 3*a**2 + 11*a - 90. What is s(5)?
40
Let x(w) = 5*w**2 + 20*w - 8. Give x(-4).
-8
Let n(k) = 4*k + 20. Give n(-8).
-12
Let q(r) = r**3 + 6*r**2 - 4*r - 12. What is q(-6)?
12
Let s(m) = 2*m**2 - 5*m + 26. Determine s(3).
29
Let l(x) = x**3 - 9*x**2 + 3*x + 18. What is l(9)?
45
Let i(v) = -v**3 - 8*v**2 - 11*v - 17. What is i(-7)?
11
Let n(r) = -r**2 - 59*r + 388. Determine n(6).
-2
Let g(j) = 31*j - 5. What is g(3)?
88
Let w(x) = x**2 - 15*x - 26. Give w(17).
8
Let d(h) = -3*h - 5. Calculate d(5).
-20
Let v(c) = -c + 3. Calculate v(1).
2
Let k(m) = -6*m + 4. What is k(1)?
-2
Let x(g) = -2*g**2 - 14*g + 66. Determine x(-10).
6
Let m(t) = -t**2 + 2*t + 4. Determine m(-3).
-11
Let a(j) = 39*j**3 - j**2 + j - 1. What is a(1)?
38
Let u(t) = -t**3 + 10*t**2 - 18*t - 21. Determine u(7).
0
Let g(l) = l**3 + 8*l**2 + 7*l - 2. Determine g(-7).
-2
Let i(l) = l**3 - 7*l**2 + 7*l + 7. Determine i(6).
13
Let j(x) = -12*x**2 + 28*x - 28. Determine j(1).
-12
Let x(c) = 2*c**3 - 14*c**2 + 13*c - 7. What is x(5)?
-42
Let q(z) = z**2 - 8*z + 10. Determine q(4).
-6
Let w(m) = m**3 - 18*m**2 + 16*m - 4. Determine w(17).
-21
Let y(s) = -s**3 - 17*s**2 - 64*s. Calculate y(-11).
-22
Let j(x) = x - 4. Give j(5).
1
Let z(r) = -r - 22. What is z(-24)?
2
Let w(r) = r - 8. Determine w(5).
-3
Let v(i) = i**3 + 6*i**2 - i + 4. Give v(-6).
10
Let o(d) = d**3 + 6*d**2 + 3*d + 9. Determine o(-6).
-9
Let s(w) = 2*w + 6. Calculate s(-7).
-8
Let s(o) = -3*o - 11. Determine s(8).
-35
Let k(n) = 2*n + 48. Determine k(-21).
6
Let w(t) = 9*t**2 - 14*t + 2. Give w(2).
10
Let y(o) = -3*o - 63. Determine y(-23).
6
Let h(z) = -2*z**2 - 23*z - 17. Give h(-11).
-6
Let m(j) = 7*j**2 + 42*j + 7. Calculate m(-6).
7
Let f(r) = -5*r + 42. Calculate f(5).
17
Let p(q) = 2*q**2 - 10*q + 6. What is p(10)?
106
Let w(c) = -5*c**3 - c**2 - 4*c - 3. Give w(-2).
41
Let w(h) = -h**2 + 3*h - 1. Give w(1).
1
Let d(o) = o**3 + 14*o**2 + 13*o - 26. Determine d(-13).
-26
Let p(q) = -4*q - 4. Calculate p(13).
-56
Let r(x) = -x**2 - 15*x + 5. Give r(-16).
-11
Let c(d) = d**2 - 16*d + 9. What is c(15)?
-6
Let h(d) = -2*d + 19. What is h(13)?
-7
Let k(x) = x**2 - 12*x + 2. Determine k(6).
-34
Let t(r) = r**3 + 6*r**2 + 3*r - 6. Give t(-5).
4
Let j(l) = 3*l**2 + 5*l + 6. Calculate j(-4).
34
Let k(t) = t**3 - 32*t**2 + 31*t + 11. Calculate k(31).
11
Let g(b) = b**2 + 15*b + 24. Give g(-13).
-2
Let 